) - 2*t(l). Let m(a) = -4*a - 9. Let x be m(-6). Let q = -12 + x. Calculate n(q).
8
Let n(d) be the third derivative of d**7/105 + d**6/180 + d**5/120 + 37*d**3/6 - 34*d**2. Let i(c) be the first derivative of n(c). Give i(-1).
-7
Let a(g) be the second derivative of -g**5/20 + 5*g**4/12 + g**3 - g**2 - g - 81. What is a(6)?
-2
Let b be (0 - -2) + 14/(-21)*-3. Let x(u) = 3*u - 7. Let j be x(b). Let i(a) = a - 2. Determine i(j).
3
Let o(p) = 26*p + 9. Let f(i) = -35*i - 22. Let k(m) = -23*m - 15. Let g(a) = -5*f(a) + 7*k(a). Let b(z) = 7*g(z) - 4*o(z). Calculate b(3).
-19
Let u(j) = -j**2 - j + 7. Let s be 6/60 + 5/(-50). Give u(s).
7
Let l(a) = a**2 + 1. Let q(x) be the first derivative of -2*x**3 - 3*x - 14. Let j(b) = 4*l(b) + q(b). Calculate j(1).
-1
Let c(y) be the first derivative of 3*y**2/2 - 19*y + 717. What is c(11)?
14
Let q(o) be the first derivative of o**4/4 + 2*o**3 + 3*o**2/2 + 11*o + 185. Determine q(-6).
-7
Let k(q) = -3*q - 2 + 2 - q**2 + 4 + 2*q**2 - 3. Let x = -1 - -3. Calculate k(x).
-1
Let f(z) be the second derivative of -z**3/6 + 4*z**2 - 4*z. Let o be f(6). Let l(k) = 2*k**2 + 3 + 0*k**2 + 0 - o*k. Determine l(2).
7
Let v(g) = g. Let h(x) be the second derivative of 2*x**3/3 + x**2 - 6*x. Let y be h(1). Suppose -y*u - 15 = -3*u. Calculate v(u).
-5
Let m(r) = -8*r - 3*r**2 + 54 + 55 + r**3 - 114 + 12*r**2. Give m(-10).
-25
Suppose 20*w - 20 = 16*w. Let f(t) = -4*t**2 - 12*t - 1. Let n(c) = c**2 + c + 1. Let i(k) = f(k) + 5*n(k). Give i(w).
-6
Let i(n) = 7*n + 1. Let m = 456 - 460. Determine i(m).
-27
Let d(k) = k. Let x(g) = 2*g + 2. Let w(j) = -d(j) + x(j). What is w(14)?
16
Let o(d) = -d**2 + 5*d + 1. Let l = -8 - -12. Suppose -90 = -2*j + 4*u, -3*j + 2*u - 74 = -209. Let s be j/10 - (-2)/l. Determine o(s).
1
Let u(m) = 12*m**2 - 6*m + 2. Let z(q) be the second derivative of 13*q**4/12 - 7*q**3/6 + q**2 - 21*q. Let v(a) = -6*u(a) + 5*z(a). What is v(2)?
-28
Suppose -4*c - 5*d = -2*d - 15, -5*c - 5 = -d. Let i(h) = h**3. What is i(c)?
0
Let d(o) = -o**2 + 4*o - 4. Let t be 1/3 + (-5)/15 - 19. Let i = t + 23. Calculate d(i).
-4
Let n(k) = -k - 4. Let h = -544 - -556. Calculate n(h).
-16
Suppose -g + 4*g - 78 = -3*t, -5*t + 5*g + 170 = 0. Suppose 4*y + 3*h + t = 0, -5*y + 2*h - 8 = 18. Let x(v) = -v**3 - 5*v**2 + 7*v + 6. Calculate x(y).
0
Let a be (2 - -6)/(-6 + 4). Let f(j) = -j**2 - 2*j + 9. Calculate f(a).
1
Let v = -99 - -91. Let z(g) = g**2 + 10*g + 7. Determine z(v).
-9
Let b(j) = j**2 - 15*j + 17. Let w(o) = -41 - 3*o**2 + 19 + 44*o - 25 - 3. Let k(y) = 7*b(y) + 2*w(y). Let r be k(16). Let t(v) = v**2 - 3*v. Calculate t(r).
0
Let l(d) be the third derivative of -d**4/8 + 2*d**3/3 + 3*d**2. Let x = 34 - 32. Suppose 0 = 4*r + x*f - 30 + 10, -4*r + 32 = 5*f. Determine l(r).
-5
Let n(x) be the second derivative of x**5/10 + x**4/12 - x**3/2 + 3*x**2/2 - 2*x + 25. Let t = 32 - 30. Give n(t).
17
Let n(o) be the third derivative of -o**6/120 - 7*o**5/60 - o**4/12 - o**3/3 - 149*o**2. Determine n(-7).
12
Let j(k) = -k**2 - 4*k + 10. Suppose -63 = -f + 17. Let r be (f/(-45))/(-8) + (-65)/9. What is j(r)?
-11
Suppose 4*a - 5*z = 28, -a + 2*z + 10 = -0*z. Let b(s) = -24 - s**a - 79*s**3 + 7 + 78*s**3. Calculate b(0).
-17
Let i(u) = 371*u + 368*u - 735*u. What is i(1)?
4
Let c = -2 - -4. Suppose 4 = -f + c*y, 3 = -2*f + 3*y - 2. Let s(k) = -6 + 0*k - f*k + 0 + 3. Give s(-4).
5
Let g(o) be the third derivative of -o**4/8 - 3*o**3/2 - 239*o**2. Give g(-5).
6
Let v(l) = 23 - 22 + 11*l**2 - 10*l**2 - 8*l - 14. What is v(12)?
35
Suppose 0*d - 24 = 4*d. Let u(z) = 3*z + 1. Let t(n) = 9*n + 2. Let v(p) = d*t(p) + 17*u(p). Let q be ((-4)/10)/(14/(-140)). Give v(q).
-7
Let z = 14 + -10. Let y = 61 + -57. Let q(l) = 4*l + 0*l**2 + 8 - 5 - l**2 - y. What is q(z)?
-1
Let w(f) = -3*f - 3. Let u = 55 + -52. What is w(u)?
-12
Let l be 48/(-9) + 4/(-6). Let o(s) = -11*s**3 + s**2 + 42*s + 29. Let n(y) = 5*y**3 - y**2 - 20*y - 14. Let d(u) = -13*n(u) - 6*o(u). Give d(l).
-4
Let p(h) = 17 + 7 - h**2 - 27 + 2*h. Suppose 0 = d + 1 + 2. Determine p(d).
-18
Let v(i) be the third derivative of 1/120*i**6 + 0*i**4 + 0 - 1/10*i**5 + 0*i - 35*i**2 - i**3. Determine v(6).
-6
Let j(u) be the second derivative of 0 + 5/2*u**2 + 45*u - 1/6*u**3 + 1/12*u**4. Calculate j(0).
5
Suppose k = -0*k. Let w(d) be the second derivative of d**3/6 - d**2/2 + 38*d. Give w(k).
-1
Let q(f) = 2*f - 3. Suppose 2*i - 3*p + 16 = 0, i + 9 = 7*p - 5*p. Give q(i).
-13
Let i(r) be the second derivative of -r**5/20 + r**4/12 + r**3/6 - r**2/2 + r. Let o = -14 + 21. Let l(k) = -4*k + 26. Let t be l(o). Calculate i(t).
9
Suppose -5*x + x = 4*f + 32, -6*f - 18 = -4*x. Let m(t) = -2*t**2 - 6*t - 7. Give m(f).
-27
Suppose -7*g + 63 - 28 = 0. Let b(h) = -h**2 + 4*h + 10. What is b(g)?
5
Let v(l) = -6*l + 1. Let z be v(-3). Let q = z - 13. Let j(a) = q - 1 - a**2 - 15*a - 4 + 22*a. Determine j(5).
11
Let l(b) = b + 5. Let y be l(0). Let n(m) = 8*m**2 + m + 5. Let i(f) = 5*f**2 + 2*f + 5. Let s(d) = -3*i(d) + 2*n(d). Determine s(y).
0
Let f be 3/1 + (-1)/1. Let d(b) = 0 + 2*b**2 + 4 - 5 - 3*b + 2. Determine d(f).
3
Let h(f) be the third derivative of -f**5/60 + 11*f**4/24 - 10*f**3/3 + 288*f**2. Determine h(8).
4
Let c(u) = -28 - 36 - 3*u + 63. Suppose 0*i - 4*i = -4. Give c(i).
-4
Let c(l) = -3*l - 239*l**2 + 142*l**2 + 101*l**2 + 3 - l**3. Determine c(3).
3
Suppose 2*u = 5*b + 9 - 31, 3 = 2*b + 5*u. Let t(d) = b*d - 8*d - 3 + d**2 + 6*d. Give t(-3).
0
Let k = -34 + 78. Let r be (k/(-4) - -3) + 2. Let s(b) = b**2 + 8*b + 2. Give s(r).
-10
Suppose 77 + 0 = -11*z. Let m(w) = -w**2 - 4*w + 7. Calculate m(z).
-14
Let y = -479 + 482. Let s(w) = -2*w**2 + w - 1. Calculate s(y).
-16
Let k(h) = -h**3 + h + 5. Let i be k(0). Suppose -4*o = i*v - 71, o = -o + 4*v + 16. Let u be ((-8)/(-14))/(4/o). Let f(d) = 7*d. What is f(u)?
14
Suppose 40 = -22*k + 17*k. Let a(n) = n**3 + 7*n**2 - 8*n + 8. Calculate a(k).
8
Let y(g) = 4*g**3 - 27*g**2 - 5*g - 19. Let m be y(7). Let q(x) = -x**2 - 8*x - 4. Give q(m).
11
Let x(y) = y**2 + 6*y + 2. Let a be x(-4). Let s(t) = -1 + 5*t**2 + 5*t + 10*t - 10*t + t**3 - 10*t. What is s(a)?
-7
Let m(h) = h - 2*h - 1 + 2 + 3*h. Let i be m(-1). Let z(o) = -6*o - 1. Give z(i).
5
Let q(p) = -p**2 + 2*p - 3. Let h(u) = -u**3 - 11*u**2 + 11*u - 8. Let x be h(-12). Determine q(x).
-11
Let j(i) = i**3 - 2*i**2 + 3*i - 2. Suppose 250 - 70 = 60*o. Give j(o).
16
Let o(q) = -11*q**3 + q**2 - 2*q + 1. Suppose -i - 15 = -4*i. Suppose -4 + 14 = i*k. Suppose k*u + 3 = 5. What is o(u)?
-11
Let m be 4/22 + (-265)/(-55). Let c be 7/(-2) + m/(-40)*-4. Let q(r) = 2*r**2 + 2*r. Calculate q(c).
12
Let k(j) = 58*j**2 + 3 - 14*j**3 + 12*j**3 - 62*j**2 - 2*j - 5. Give k(-3).
22
Suppose 2*t - 5 = t. Let g(m) = m**3 + m**2 + 1. Let j(l) = -3*l**3 + 3*l**2 - 6*l + 4. Let v(a) = -2*g(a) - j(a). Calculate v(t).
24
Let i(m) = -m**3 - 10*m**2 + 13*m + 16. Suppose 0 = 13*g - 9*g - 88. Suppose g = 41*j - 43*j. What is i(j)?
-6
Let o(b) = b**3 + 3*b**2 + 3*b. Let x be -2 + (-5)/(-5) - (-2 - -4). Give o(x).
-9
Let g(l) be the first derivative of l**4/4 + 5*l**3/3 + 3*l**2/2 + 3*l - 323. Give g(-3).
12
Let t = -55 + 57. Let q(u) = 0*u**2 - 3 - 6*u**2 + 16*u**2 - u**3 - 5*u - t*u**2. Determine q(7).
11
Let g(x) = -123 - 11*x + 53 + 66. Give g(-1).
7
Let o = -14 + 17. Let s(q) = q**3 - 2*q**2 - 2*q + 1. Let c be s(o). Let k(d) = 5*d**2 - c*d**2 + 5*d + d**2 + 4 - 3*d**2. Determine k(5).
4
Let s(l) = -13*l**2 + 3*l - 17. Let f(h) = 7*h**2 - 2*h + 9. Let u(b) = -11*f(b) - 6*s(b). Calculate u(-3).
0
Suppose -13 = 5*v + 2*d + 8, 3*d = -2*v - 4. Let p(o) be the first derivative of o**2/2 + 6*o - 60. Determine p(v).
1
Let i(r) = r**3 + 4*r**2 + 4*r + 3. Suppose 15*p + 57 = 12. What is i(p)?
0
Let r(z) = 2. Let a(b) be the third derivative of -b**4/24 - b**3/6 - 2*b**2. Let y(w) = 2*a(w) - r(w). Let x(j) = -3*j - 14. Let p be x(-6). Give y(p).
-12
Let k(a) = -a**2 - 10*a - 5. Let b be k(-9). Suppose -b*q = -q - 12. Let y(o) = o - 2*o**2 + 0*o**2 + 5*o**3 - q*o**3. What is y(1)?
0
Suppose 6*l = -39 + 3. Let k(t) = t**3 - 4*t**2 - 6*t. Let u be k(5). Let a be u/10*(l - -2). Let g(r) = -2*r**2 + 2*r + 1. Determine g(a).
-3
Let g be (-2 - 2)/4 - -6. Suppose -f + 3*f - 10 = 2*v, 3*f = -g*v - 1. Let j(c) = -7*c + 1